i(p) = -p**2 - 13*p - 9. Give i(-9).
27
Let b(o) = -o**3 - 11*o**2 - 2*o - 19. What is b(-11)?
3
Let d(b) = 3*b**3 - 51*b**2 - 3*b + 48. Determine d(17).
-3
Let h(t) = t**3 - 12*t**2 - 11*t - 21. Calculate h(13).
5
Let o(k) = -k**2 - 3*k + 2. Determine o(-2).
4
Let x(n) = 6*n - 27. Calculate x(8).
21
Let i(g) = -g**3 - 24*g**2 + 26*g + 15. Give i(-25).
-10
Let b(w) = -w**2 + 72*w + 300. Calculate b(-4).
-4
Let p(q) = -q + 5. Determine p(-17).
22
Let y(o) = 9*o + 3. Calculate y(-4).
-33
Let q(i) = -i**3 + 15*i**2 - 13*i + 2. What is q(14)?
16
Let o(k) = -2*k + 6. Calculate o(6).
-6
Let z(f) = -53*f + 49. Give z(1).
-4
Let g(f) = f**3 - 12*f**2 - 15*f + 5. Calculate g(13).
-21
Let o(a) = -a**2 - 4*a + 12. What is o(-6)?
0
Let r(b) = 5*b**2 + 2. What is r(2)?
22
Let i(x) = -3*x**3 + 5*x**2 - 3*x - 2. Determine i(-1).
9
Let x(g) = -26*g. What is x(-1)?
26
Let p(i) = -2*i**3 + 5*i**2 - i - 10. Calculate p(5).
-140
Let a(b) = b**3 - 5*b**2 - 9*b + 6. What is a(6)?
-12
Let a(o) = 9*o + 22. What is a(-3)?
-5
Let a(o) = -3*o - 27. What is a(-4)?
-15
Let y(s) = -7*s - 206. Give y(-28).
-10
Let v(x) = -3*x - 1. Give v(-7).
20
Let o(k) = 8*k + 20. Give o(-4).
-12
Let r(u) = u**2 - 7*u - 7. What is r(6)?
-13
Let l(g) = g**3 - 6*g**2 + 7*g - 9. Calculate l(5).
1
Let q(s) = -s**3 - 9*s**2 + s - 9. What is q(-9)?
-18
Let t(m) = m**3 + 7*m**2 + m - 8. Determine t(-6).
22
Let c(j) = -j**3 + j**2 + 12. Calculate c(0).
12
Let s(m) = m**3 - 7*m**2 - m + 1. Give s(7).
-6
Let x(j) = -j**3 - 6*j**2 - 2*j + 9. Give x(-2).
-3
Let m(i) = -3*i - 1. Calculate m(1).
-4
Let n(k) = 6*k + 36. What is n(-7)?
-6
Let p(d) = d**3 + 16*d**2 - 16*d + 24. Give p(-17).
7
Let c(r) = -2*r - 17. Give c(-1).
-15
Let g(z) = -z**2 - 16*z - 38. What is g(-12)?
10
Let p(k) = -58*k + 1041. Give p(18).
-3
Let k(d) = -10*d + 5. Determine k(1).
-5
Let r(k) = 8*k**3 - 2*k**2 - k. Calculate r(-1).
-9
Let c(d) = -d**2 - 26*d - 42. Give c(-25).
-17
Let o(a) = 2*a + 123. What is o(-31)?
61
Let v(g) = -34*g**2 - 1. Calculate v(-1).
-35
Let h(j) = 4*j**2 - 2*j + 1. What is h(-2)?
21
Let r(f) = 5*f - 14. Determine r(-8).
-54
Let w(o) = o**2 - 21*o + 64. Calculate w(18).
10
Let r(h) = -h**2 - 14*h + 17. What is r(-15)?
2
Let k(q) = -q**2 + 28*q + 84. What is k(-3)?
-9
Let l(i) = 3*i + 11. Give l(-8).
-13
Let n(a) = -10*a**2 + 7*a + 7. What is n(3)?
-62
Let r(q) = 34*q - 49. Determine r(7).
189
Let v(g) = -g**2 - 12*g + 10. Determine v(-13).
-3
Let l(b) = b**3 - 5*b**2 - 16*b + 7. Determine l(7).
-7
Let t(m) = 2*m**2 + 13*m + 8. Calculate t(-5).
-7
Let g(p) = -p**3 - 34*p**2 - 35*p - 70. What is g(-33)?
-4
Let x(b) = b**3 - 8*b**2 - b. Give x(8).
-8
Let h(o) = o**3 - 11*o**2 - 15*o + 4. Give h(13).
147
Let b(w) = 2*w - 143. Determine b(26).
-91
Let k(i) = i**3 + 11*i**2 + 4*i + 55. Determine k(-11).
11
Let i(z) = -2*z - 5. Give i(-6).
7
Let k(j) = j + 4. Calculate k(-2).
2
Let b(s) = 5*s - 49. Calculate b(10).
1
Let f(m) = 3*m**2 - 7*m + 6. Give f(3).
12
Let c(h) = -3*h**2 + 49*h + 22. Give c(18).
-68
Let h(x) = -3*x**3 + 13*x**2 - x - 6. What is h(4)?
6
Let t(l) = -l**2 + 18*l + 5. What is t(17)?
22
Let z(x) = x**2 - 8. Determine z(5).
17
Let q(j) = -j**3 + j**2 + 66*j + 57. What is q(9)?
3
Let j(d) = d**3 + 6*d**2 + 17*d + 1. Give j(-4).
-35
Let y(o) = 2*o**2 + 15*o + 14. Calculate y(-12).
122
Let n(d) = 36*d - 32. Give n(1).
4
Let m(i) = -3*i**2 + 6*i - 14. What is m(6)?
-86
Let k(u) = -20*u**2 + u + 1. What is k(-1)?
-20
Let x(h) = h**3 + 2*h**2 - 2*h. Give x(2).
12
Let w(y) = y - 24. Calculate w(23).
-1
Let i(l) = 22*l + 61. Give i(-5).
-49
Let q(w) = 2*w**3 - 3*w**2 + 3*w - 1. Determine q(3).
35
Let b(c) = -c**2 - 20*c + 61. What is b(-22)?
17
Let w(k) = -k**2 + 12. Give w(0).
12
Let j(d) = -d**2 - 8*d + 15. Give j(-9).
6
Let z(f) = -f**2 + 12*f + 6. What is z(5)?
41
Let x(a) = a**3 + 6*a**2 - 12*a - 87. Determine x(-4).
-7
Let t(h) = h**3 - 12*h**2 - 14*h + 12. What is t(13)?
-1
Let p(b) = -b**3 + 6*b**2 + 2*b - 5. Give p(6).
7
Let f(g) = g - 38. Give f(0).
-38
Let a(j) = -267*j + 804. Give a(3).
3
Let d(t) = -t - 44. What is d(-14)?
-30
Let a(t) = -14*t. What is a(3)?
-42
Let m(i) = -2*i - 12. Determine m(-2).
-8
Let r(w) = -3*w**2 + 123*w + 263. Give r(43).
5
Let u(y) = y**3 - 2*y**2 - 6*y - 5. Calculate u(5).
40
Let c(o) = -14*o**3 - o**2 + o - 1. Determine c(1).
-15
Let r(b) = b**3 + 6*b**2 - 13*b - 11. Determine r(-8).
-35
Let b(s) = -17*s - 2. What is b(2)?
-36
Let a(b) = -6*b**2 - 3*b - 4. Give a(-1).
-7
Let v(i) = i**3 - 14*i**2 + 25*i - 4. Calculate v(12).
8
Let c(z) = z**2 - 8*z - 80. Give c(11).
-47
Let c(t) = -t**2 + 2. Calculate c(2).
-2
Let v(c) = 13*c**2 + 80*c + 7. Calculate v(-6).
-5
Let v(q) = -q**2 - 12*q + 6. Determine v(-9).
33
Let j(n) = n**3 - 5*n**2 + n + 9. Calculate j(4).
-3
Let l(a) = -3*a**2. Calculate l(-1).
-3
Let n(b) = b**2 - 3*b + 3. Give n(4).
7
Let b(p) = -p**2 - 3*p - 3. Calculate b(-2).
-1
Let i(m) = -4*m**2 - 32*m + 68. Calculate i(2).
-12
Let m(k) = -k**3 - 17*k**2 + 18*k - 10. Calculate m(-18).
-10
Let x(z) = -z**3 - 7*z**2 - 4*z + 1. Calculate x(-6).
-11
Let s(r) = 3*r**3 - 4*r**2 + 4. Determine s(2).
12
Let s(d) = d**3 - 12*d**2 - 14*d + 13. Give s(13).
0
Let k(h) = -10*h. Calculate k(-1).
10
Let u(g) = g**2 - 12*g - 5. Determine u(11).
-16
Let x(d) = -d**2 - 3*d - 4. Calculate x(-6).
-22
Let l(u) = 9*u**3 - u**2 + u + 2. Give l(-1).
-9
Let v(q) = q**2 - 12*q + 7. Calculate v(6).
-29
Let c(x) = -x**2 + 8*x - 17. Give c(-9).
-170
Let f(o) = 2*o - 8. What is f(6)?
4
Let q(m) = m - 11. Calculate q(9).
-2
Let n(k) = -k - 1. Determine n(-9).
8
Let f(p) = -p**3 + p**2 + 12*p - 4. Calculate f(5).
-44
Let a(i) = i**3 - 14*i**2 + 12*i + 8. Give a(13).
-5
Let d(w) = -34*w - 19. What is d(-3)?
83
Let o(t) = -2*t + 5. Give o(-5).
15
Let s(b) = b**3 + 8*b**2 + 6*b + 4. Calculate s(-7).
11
Let m(j) = -j**3 + 11*j**2 - 19*j + 12. Determine m(9).
3
Let p(t) = -t**3 - 13*t**2 + 17*t + 17. Give p(-14).
-25
Let q(l) = -23*l - 102. What is q(-5)?
13
Let j(g) = -g - 1. Give j(7).
-8
Let i(t) = -8*t - 40. Calculate i(-5).
0
Let d(b) = -16*b**2 + 5*b + 6. What is d(-2)?
-68
Let d(v) = v**2 + 4*v - 3. Determine d(-4).
-3
Let f(s) = s - 24. Give f(4).
-20
Let s(k) = 13*k**3 + k**2 + 4*k + 4. Determine s(-1).
-12
Let v(j) = -j**3 + 6*j**2 + 11*j - 2. What is v(8)?
-42
Let q(n) = -20*n + 105. Give q(6).
-15
Let i(q) = -q - 12. Determine i(-5).
-7
Let y(m) = -m**3 + 8*m**2 - 13*m + 12. Determine y(8).
-92
Let y(g) = -2*g**2 + 7*g + 21. Calculate y(-3).
-18
Let j(y) = y**2 - 7. What is j(0)?
-7
Let k(u) = -12*u + 16. What is k(4)?
-32
Let g(i) = 8*i + 5. Calculate g(-11).
-83
Let i(c) = 2*c - 6. Give i(-4).
-14
Let m(z) = -z**3 + 7*z**2 - 7*z - 8. Determine m(6).
-14
Let s(o) = 2*o**3 - 35*o**2 + 18*o - 14. Calculate s(17).
3
Let w(t) = -t**3 - 27*t**2 + 3*t + 83. What is w(-27)?
2
Let o(h) = 11*h + 83. Calculate o(-10).
-27
Let b(m) = -8*m + 72. What is b(7)?
16
Let u(k) = -k**3 + 13*k**2 - 10*k - 21. Determine u(12).
3
Let b(a) = -a + 21. Give b(15).
6
Let f(x) = 6*x**2 + x - 4. Give f(3).
53
Let z(q) = -q**2 - 7*q + 17. What is z(-9)?
-1
Let q(i) = -i**3 - 8*i**2 - 6*i + 9. Calculate q(-8).
57
Let x(t) = -3*t**3 + 3*t**2 + 4*t. Determine x(-4).
224
Let r(k) = -k**2 + 10*k + 8. Calculate r(-4).
-48
Let z(s) = s**3 + 6*s**2 - 4*s + 9. Give z(-7).
-12
Let d(x) = -3*x + 12. Give d(8).
-12
Let f(y) = y**3 - 2*y**2 - 11*y + 9. Give f(-3).
-3
Let n(f) = 45*f - 40. Determine n(1).
5
Let t(v) = v**3 + 9*v**2 + 2*v + 21. What is t(-9)?
3
Let g(n) = 2*n**2 - 13*n + 2. What is g(6)?
-4
Let l(h) = -2*h**3 + 23*h**2 - 4*h - 44. Give l(11).
33
Let c(w) = -13*w + 1. What is c(1)?
-12
Let c(j) = j**3 + 8*j**2 - 12*j - 123. Calculate c(-7).
10
Let r(t) = t**3 - 11*t**2 + 16*t - 9. Give r(9).
-27
Let f(w) = w**3 + w**2 + 2*w + 1. What is f(-1)?
-1
Let q(x) = 17*x - 26. Calculate q(2).
8
Let m(y) = y**3 + 16*y**2 + 17*y + 26. Determine m(-15).
-4
Let o(t) = t**3 - 33*t**2 + 88*t + 61. Calculate o(30).
1
Let p(l) = -2*l**2 - 18*l + 11. Calculate p(-10).
-9
Let f(o) = 3*o**2 + 2*o - 1. What is f(1)?
4
Let x(i) = i**3 - 5*i**2 + 3*i - 2. Determine x(5).
13
Let h(c) = c**2 + 9*c + 2. Determine h(-8).
-6
Let r(b) = -3*b**3 + 6*b**2 + 2*b + 1. Determine r(-3).
130
Let g(i) = i**3 + 13*i**2 - 6. What is 